7
What are the prime factors of 18797673?
3, 2081, 3011
List the prime factors of 201594632.
2, 23, 601, 1823
What are the prime factors of 1818963449?
197, 9233317
List the prime factors of 8914571.
29, 307399
What are the prime factors of 524746925?
5, 1201, 17477
List the prime factors of 1708412548.
2, 427103137
List the prime factors of 1193210454.
2, 3, 41, 59, 229, 359
What are the prime factors of 4117446365?
5, 331, 2487883
List the prime factors of 413659897.
7, 2113, 27967
What are the prime factors of 33784469?
33784469
What are the prime factors of 74171906?
2, 37085953
List the prime factors of 4183530997.
3329, 1256693
What are the prime factors of 15711752?
2, 7, 149, 269
List the prime factors of 44725390.
2, 5, 4472539
What are the prime factors of 83406890?
2, 5, 7, 521, 2287
List the prime factors of 110481506.
2, 311, 177623
What are the prime factors of 4533334?
2, 13, 113, 1543
List the prime factors of 634003852.
2, 59, 2686457
What are the prime factors of 63206015?
5, 12641203
List the prime factors of 83258255.
5, 887, 18773
What are the prime factors of 1101556231?
1101556231
List the prime factors of 68887420.
2, 5, 7, 492053
What are the prime factors of 156273090?
2, 3, 5, 157, 33179
List the prime factors of 579364788.
2, 3, 139, 347341
List the prime factors of 73198762.
2, 7, 13, 89, 4519
List the prime factors of 480378228.
2, 3, 11, 330839
List the prime factors of 589836485.
5, 7, 167, 100913
What are the prime factors of 1789344130?
2, 5, 7, 53, 71, 6793
List the prime factors of 99964809.
3, 7, 43, 36901
What are the prime factors of 255879234?
2, 3, 13, 113, 9677
What are the prime factors of 2955150681?
3, 7, 17, 127, 65179
List the prime factors of 2246768477.
2246768477
What are the prime factors of 229081739?
239, 958501
What are the prime factors of 26293548?
2, 3, 193, 11353
List the prime factors of 38386402.
2, 23, 834487
What are the prime factors of 164249335?
5, 32849867
List the prime factors of 1364531160.
2, 3, 5, 311, 36563
What are the prime factors of 1047702473?
1047702473
What are the prime factors of 4754864239?
4754864239
What are the prime factors of 59250850?
2, 5, 1185017
List the prime factors of 50180940.
2, 3, 5, 17, 23, 31
List the prime factors of 42541436.
2, 7, 41, 37057
What are the prime factors of 3624353372?
2, 906088343
List the prime factors of 49354895.
5, 23, 467, 919
List the prime factors of 241364412.
2, 3, 6704567
List the prime factors of 38764006.
2, 199, 97397
What are the prime factors of 72549774?
2, 3, 11, 23, 89, 179
List the prime factors of 46469614.
2, 23, 419, 2411
List the prime factors of 3740061416.
2, 7, 13, 733921
What are the prime factors of 354555604?
2, 13, 17, 23593
What are the prime factors of 73660720?
2, 5, 7, 19, 23, 43
List the prime factors of 289331639.
19, 15227981
What are the prime factors of 67577119?
67577119
List the prime factors of 33305706.
2, 3, 7, 264331
List the prime factors of 2017968741.
3, 29, 401, 6427
List the prime factors of 529078484.
2, 11, 19, 79, 8011
List the prime factors of 43199568.
2, 3, 41, 271
List the prime factors of 210334115.
5, 17, 59, 41941
List the prime factors of 229134390.
2, 3, 5, 7637813
What are the prime factors of 2010323541?
3, 670107847
What are the prime factors of 898303071?
3, 19, 41, 384383
What are the prime factors of 4522522446?
2, 3, 13, 19327019
What are the prime factors of 580845777?
3, 199, 972941
List the prime factors of 448964372.
2, 112241093
List the prime factors of 6550340958.
2, 3, 7, 17, 241, 12689
List the prime factors of 70264612.
2, 11, 281, 5683
List the prime factors of 155038701.
3, 1193, 43319
What are the prime factors of 225129214?
2, 19, 71, 83443
List the prime factors of 43840209.
3, 7, 157, 13297
What are the prime factors of 2697092?
2, 674273
List the prime factors of 56758474.
2, 541, 52457
List the prime factors of 6349556897.
113, 127, 442447
List the prime factors of 91951915.
5, 11, 101, 16553
What are the prime factors of 1790656772?
2, 447664193
What are the prime factors of 1556131009?
373, 4171933
What are the prime factors of 24418987?
17, 1436411
What are the prime factors of 41247198?
2, 3, 419, 1823
What are the prime factors of 50919138?
2, 3, 43, 21929
List the prime factors of 436253062.
2, 7, 173, 281, 641
List the prime factors of 26871255.
3, 5, 29, 59, 349
What are the prime factors of 2226214216?
2, 278276777
What are the prime factors of 114104511?
3, 4226093
What are the prime factors of 679218149?
4451, 152599
List the prime factors of 130414792.
2, 73, 223313
What are the prime factors of 553238365?
5, 29, 331, 11527
List the prime factors of 54982107.
3, 41, 109, 1367
List the prime factors of 41386606.
2, 20693303
List the prime factors of 8607368958.
2, 3, 1434561493
What are the prime factors of 12277316?
2, 3069329
What are the prime factors of 261438903?
3, 11, 17, 31, 5011
List the prime factors of 437044037.
37, 79, 149519
What are the prime factors of 16815860?
2, 5, 283, 2971
List the prime factors of 214579306.
2, 1063, 100931
What are the prime factors of 1900458?
2, 3, 7, 15083
What are the prime factors of 99953227?
11, 29, 313333
List the prime factors of 95425606.
2, 47712803
List the prime factors of 1145268349.
1145268349
What are the prime factors of 3010437662?
2, 23, 277, 236261
What are the prime factors of 372099936?
2, 3, 13, 298157
What are the prime factors of 1457984343?
3, 31, 15677251
List the prime factors of 236773403.
236773403
What are the prime factors of 180802498?
2, 37, 2443277
List the prime factors of 155303172.
2, 3, 4313977
List the prime factors of 53114224.
2, 3319639
What are the prime factors of 466237072?
2, 7, 271, 15361
What are the prime factors of 345743924?
2, 86435981
What are the prime factors of 1203542741?
41, 107, 251, 1093
List the prime factors of 16747522.
2, 11, 761251
List the prime factors of 1416453308.
2, 4219, 83933
What are the prime factors of 197982721?
197982721
List the prime factors of 15758774.
2, 29, 271703
List the prime factors of 57100105.
5, 179, 63799
List the prime factors of 629640055.
5, 11, 11448001
List the prime factors of 155758218.
2, 3, 7, 11, 30649
List the prime factors of 427192610.
2, 5, 13, 3286097
What are the prime factors of 1690651404?
2, 3, 13, 3612503
What are the prime factors of 22511687?
11, 23, 8089
List the prime factors of 77978916.
2, 3, 722027
What are the prime factors of 86042627?
11, 17, 127, 3623
What are the prime factors of 20099591?
607, 33113
List the prime factors of 1127045700.
2, 3, 5, 11, 113843
What are the prime factors of 378482157?
3, 1949, 21577
List the prime factors of 33007496.
2, 139, 29683
What are the prime factors of 684627136?
2, 10697299
What are the prime factors of 773388718?
2, 17, 73, 463, 673
List the prime factors of 11386365.
3, 5, 163, 4657
List the prime factors of 268899968.
2, 2100781
List the prime factors of 1233248520.
2, 3, 5, 7, 53, 27701
List the prime factors of 97448457.
3, 587, 55337
List the prime factors of 5933614321.
863, 6875567
List the prime factors of 804088124.
2, 7, 28717433
List the prime factors of 45809129.
71, 193, 3343
List the prime factors of 443794931.
4931, 90001
List the prime factors of 28517406.
2, 3, 4752901
List the prime factors of 472328018.
2, 236164009
What are the prime factors of 1184133934?
2, 1117, 530051
What are the prime factors of 232171031?
1901, 122131
What are the prime factors of 3216019570?
2, 5, 321601957
List the prime factors of 64399139.
7, 2141, 4297
What are the prime factors of 84268870?
2, 5, 7, 1203841
What are the prime factors of 4987261650?
2, 3, 5, 7, 47, 14437
What are the prime factors of 211550455?
5, 173, 244567
What are the prime factors of 820935521?
7, 31, 3783113
List the prime factors of 414069757.
414069757
What are the prime factors of 756179017?
11, 68743547
What are the prime factors of 36514206?
2, 3, 47, 14387
What are the prime factors of 367362866?
2, 13, 283, 49927
List the prime factors of 1271756094.
2, 3, 7, 17, 53, 4801
What are the prime factors of 41052582?
2, 3, 211, 1201
List the prime factors of 445986052.
2, 4783, 23311
What are the prime factors of 1583227219?
7, 67, 3375751
What are the pr